at is the highest common divisor of 27 and f?
9
Suppose n + 0*n = 9. Calculate the highest common divisor of 99 and n.
9
Suppose -3*p = 4*t - 6, p - 10 = -4*p - t. Let j = -12 - -26. What is the greatest common divisor of p and j?
2
Let q(m) be the first derivative of m**2 + 3*m + 1. Let g be q(3). Let y(a) = -71*a + 1. Let f be y(-1). Calculate the greatest common factor of g and f.
9
Let i = -95 + 110. Calculate the highest common factor of 15 and i.
15
Let g be (-2)/(9/(-6) + 1). Suppose -2*y + 2*p = -60, -4 = 2*y - g*p - 58. Calculate the greatest common divisor of 3 and y.
3
Let p(n) = 0*n + 2 - 3*n + 2*n + 7*n. Let w be p(2). What is the greatest common factor of 112 and w?
14
Let k(d) = -d - 5. Let m be k(0). Let v(i) = 4*i**2 + 23*i + 10. Let y be v(-7). Let o be ((-8)/m)/(2/y). What is the highest common factor of o and 9?
9
Suppose 0 = 4*q - 40. Suppose 2*t + 3*b - 32 = 0, -2*b = -t - 4*t + 42. Calculate the highest common divisor of q and t.
10
Let g(l) = 5*l + 10. Let k be g(-8). Suppose -w + 3*q - 17 - 16 = 0, 31 = -2*w - q. Let a = w - k. What is the greatest common divisor of 36 and a?
12
Let h(z) = 34*z**3 + 2*z**2 - 2*z + 1. Let i be (0 + -1)*5/(-5). Let u be h(i). Calculate the greatest common divisor of 7 and u.
7
Suppose -3*h - 5*h = -40. What is the highest common factor of h and 45?
5
Let h(c) = -c**2 + 45. Let s be h(0). Let m(y) = -11*y - 12. Let v be m(-5). Suppose -s - v = -4*a. What is the greatest common divisor of a and 2?
2
Let t = 10 - 13. Let z be 8/(-6)*t/2. What is the highest common factor of 4 and z?
2
Let v be (-21 + 2)/(2 - 3). Calculate the greatest common divisor of 323 and v.
19
Let d be (-28)/8*24/(-14). Let o(s) = -s**3 + 7*s**2 - 3*s + 4. Let y be o(d). What is the highest common divisor of 44 and y?
22
Let v = 25 + -13. Let x(h) = -h**3 - h**2 - 2*h - 2. Let o be x(-3). Suppose -g = o - 118. What is the greatest common factor of v and g?
12
Suppose -3*a + 13 = y, -3*a + 5*y = -a - 3. Let m be a - ((-8)/2 - -3). Calculate the greatest common factor of m and 20.
5
Let d = 22 + -12. Suppose 0 = -2*v + 3*l + 504, 2*v + v = l + 763. Suppose 5*y - 145 - v = 0. What is the greatest common factor of y and d?
10
Let f be -1 - (0/(-2) - 4). Let q be (-1)/(-4) + 62/8. Let p = q - 5. What is the highest common factor of p and f?
3
Let o(v) = v + 30. Let b be o(14). Calculate the highest common divisor of b and 4.
4
Let t = 8 - 18. Let d be 9/15 + (-554)/t. What is the greatest common divisor of d and 8?
8
Let s(d) = d**3 - d + 2. Let r(n) = n**2 - 7*n - 2. Let x be r(7). Let l be s(x). Let t be (-310)/(-3) - l/6. What is the greatest common divisor of t and 13?
13
Suppose 0 = -3*c - c + 20. What is the greatest common factor of 1 and c?
1
Let l be 3/((2/(-1))/(-10)). Suppose 7*n = -n + 80. What is the highest common divisor of n and l?
5
Let x(t) = 5*t + 4. Let i = 27 - 16. Let j(h) = 14*h + 11. Let k(d) = i*x(d) - 4*j(d). Let y be k(-5). What is the greatest common divisor of 35 and y?
5
Suppose 8 = 5*a + 3*h, 12*a = 11*a - 3*h + 4. Suppose 27 = 4*x - 33. Let k = x + -8. Calculate the greatest common factor of k and a.
1
Let l be (-5)/15 + 129/9. Let u be 4/14 + 388/l. What is the greatest common factor of u and 7?
7
Suppose -24 = 14*i - 18*i. Calculate the greatest common divisor of i and 48.
6
Let i be ((-8)/(-7))/((-4)/(-14)). Suppose 5 = i*v - 51. What is the highest common factor of 56 and v?
14
Let w be 2*(-2)/(-4) + 18. Let s = 8 - -201. Calculate the highest common divisor of w and s.
19
Let k(h) = h**2 + 6*h - 7. Let w be k(-9). Calculate the greatest common divisor of 220 and w.
20
Suppose 0*d + 1 = d. Suppose -v = -a, v = a + a - d. Let b = 11 + -6. Calculate the greatest common factor of a and b.
1
Suppose 25 - 79 = -2*f. Let t(y) = 23*y - 10. Let x be t(11). What is the highest common factor of f and x?
27
Let o be (5 - -235) + 2 + 0. Calculate the greatest common divisor of 22 and o.
22
Suppose 15*h - 4 = 14*h. Let l be (27/6)/((-3)/4). Let c be (-4)/l - 10/(-3). Calculate the highest common divisor of c and h.
4
Let m(d) be the first derivative of 5/2*d**2 - 6*d + 2. Let r be m(4). Calculate the highest common divisor of 98 and r.
14
Suppose z - 1 = 5*g - 4*g, 3*z = -4*g + 31. Let q be (-33)/(-15) + (-2)/10. Calculate the highest common factor of q and g.
2
Let p = -7 - -43. What is the highest common factor of p and 36?
36
Let a = -35 - -45. Calculate the greatest common factor of 20 and a.
10
Suppose 2*p = 13*p - 66. What is the greatest common divisor of p and 18?
6
Let z(l) = -19*l + 3. Let w be z(-3). Let n(g) = g + 24. Let m be n(-12). Calculate the greatest common divisor of m and w.
12
Suppose -2*d + 448 = 5*d. Calculate the greatest common divisor of 160 and d.
32
Suppose -4*r + 2*s = 51 + 33, -2*r = 2*s + 42. Let x be (-884)/(-7) + 6/r. What is the highest common divisor of x and 14?
14
Let v = -20 - -26. Calculate the highest common divisor of v and 2.
2
Let f(j) = j**3 + 4*j**2 + 3. Let h be f(-2). Let u = 44 + -22. Calculate the greatest common divisor of h and u.
11
Suppose d - 40 = -3*d. Let m be -2*1/(9 + -10). Calculate the highest common divisor of m and d.
2
Let i be -10 + 25 + 0 + 3. Let d = i + -6. Calculate the greatest common divisor of 84 and d.
12
Let j(q) = 3*q**2 + q - 1. Let a be j(1). Suppose 5*u + 5*y + 255 = 0, y = -a*u - y - 153. Let m = 0 - u. Calculate the highest common divisor of 17 and m.
17
Let k be (-212)/(-6) + (-2)/6. Let v(c) = -3 + 0*c + c - 4*c**2 - 5*c - 2*c**3. Let t be v(-2). Calculate the greatest common factor of k and t.
5
Let z be 99/12 + 2/(-8). What is the greatest common factor of 40 and z?
8
Let n = 3 - -5. Suppose -n*p - 12 = -9*p. What is the highest common divisor of 18 and p?
6
Suppose z = 5*z + 2*u - 22, -4*z - u + 27 = 0. What is the greatest common factor of z and 8?
8
Let s = -17 + 62. Let a = s - 30. Calculate the highest common divisor of a and 3.
3
Suppose -5*f + 0*f + 67 = 2*h, 0 = 2*h - 3*f - 27. What is the greatest common divisor of 21 and h?
21
Let n(c) = c**3 - 9*c**2 + c + 4. Let r be n(9). Suppose -5*u - 2*h + 80 = -7*h, -3*u + 42 = -h. Calculate the highest common factor of u and r.
13
Suppose -x = -5*l + 9, -4*l + x - 5 = -13. Let c be (-14 - 13)*l*-1. Calculate the highest common factor of c and 108.
27
Let c be (-12)/15 - (-329)/5. Calculate the highest common factor of c and 26.
13
Let s(v) = -v + 43. Let h be s(25). Let c(p) = p**2 + 1. Let l be c(2). Let t = 14 - l. Calculate the greatest common factor of h and t.
9
Suppose 0*x - 3*x - 9 = 0, 0 = 4*m + 4*x + 812. Let f be (15/(-10))/(3/m). Suppose f = 4*a + 20. Calculate the highest common factor of 30 and a.
10
Suppose 2*o = 4*o - 60. Let g(x) = -x**2 + 6*x - 5. Let l = -6 + 10. Let p be g(l). Calculate the greatest common factor of p and o.
3
Suppose -80 = -5*v + 5*z, -v + 2*z - 6*z = -6. Calculate the highest common factor of v and 35.
7
Suppose -5*i + 2 = -453. Suppose i = 4*c + 5*a, -2*c - a + 2*a + 49 = 0. What is the greatest common factor of c and 36?
12
Let n be (0 + 2 + -11)/(1/(-48)). Calculate the highest common divisor of n and 48.
48
Let w be (-6 + 2)/((-4)/14). Calculate the greatest common divisor of 154 and w.
14
Suppose -3*l = q + 2*l - 30, -l - 5 = -2*q. Calculate the highest common divisor of q and 35.
5
Let y = -19 - -190. Let h(r) = 2*r**3 - 3*r**2 - r. Let g be h(3). Let w = g - 5. Calculate the greatest common divisor of w and y.
19
Let c = 24 + -12. Let i = 300 + -204. What is the greatest common factor of i and c?
12
Let l(h) = -h**3 + 6*h**2 + 4*h + 1. Let u be l(3). Let c(o) = -2*o**2 - 17*o + 19. Let a be c(-9). What is the highest common factor of u and a?
10
Suppose 39 + 24 = r. Suppose 3*l - 39 = 3*k, 0*l + 3*l - 2*k - 35 = 0. Calculate the highest common divisor of r and l.
9
Let u(y) be the first derivative of 5*y**2/2 + y - 2. Let h be u(2). What is the highest common divisor of 33 and h?
11
Let n be 4/10*(11 + 4). Suppose -n*s = -l - 2*s + 88, 4*l + 5*s = 310. What is the highest common factor of l and 8?
8
Let v = -6 - -8. Let a be 1*(9/(-45))/((-2)/10). Calculate the greatest common factor of v and a.
1
Let k = -254 - -389. Let d = -24 - -19. Let l = d - -20. What is the greatest common divisor of l and k?
15
Suppose 5*k + 